12001 + 200012?
11012020
In base 2, what is -10110001 - 11110001011?
-100000111100
In base 16, what is -14c7f - -3?
-14c7c
In base 13, what is -2 + 199a22?
199a20
In base 14, what is -dc5 + -200?
-11c5
In base 13, what is -1 - -246b?
246a
In base 7, what is 253 + 2500?
3053
In base 5, what is 11330 + -122330?
-111000
In base 13, what is -114 - 285?
-399
In base 13, what is 214b - 47?
2104
In base 13, what is -4 - 22b735?
-22b739
In base 4, what is 13 + 3312?
3331
In base 4, what is -10230203 + 2?
-10230201
In base 10, what is 19 - 947?
-928
In base 16, what is 121e + 19b?
13b9
In base 8, what is -2 - -1314767?
1314765
In base 8, what is -3 + 22632?
22627
In base 16, what is 213a + -7?
2133
In base 5, what is 10 - 1140?
-1130
In base 5, what is 104012044 - 10?
104012034
In base 16, what is -29 - -1781?
1758
In base 3, what is -101022020 - 12002?
-101111022
In base 8, what is -521654 - 5?
-521661
In base 13, what is -329 + -1c?
-348
In base 8, what is -2 + 105113?
105111
In base 2, what is 10001011111 - 1101011?
1111110100
In base 16, what is -16f5 + -30?
-1725
In base 4, what is 32 + 1010122121?
1010122213
In base 10, what is -65386 + 0?
-65386
In base 13, what is -30 - 958?
-988
In base 9, what is -2 + 174574?
174572
In base 16, what is 1e8 + 1?
1e9
In base 12, what is -29899 - -4?
-29895
In base 15, what is -20d27 + d?
-20d19
In base 11, what is 0 + -1176?
-1176
In base 8, what is -105316 - -24?
-105272
In base 10, what is -10 + 2672?
2662
In base 2, what is -11 + -1010111000011011?
-1010111000011110
In base 8, what is -17 + -66?
-105
In base 16, what is -3bb4 + 3?
-3bb1
In base 9, what is -503532 + -4?
-503536
In base 3, what is 2 - -2100012?
2100021
In base 6, what is 3 + 510310?
510313
In base 6, what is -5350535 + 4?
-5350531
In base 4, what is 30313 + 1011?
31330
In base 10, what is -354 - 219?
-573
In base 10, what is -31 + -7148?
-7179
In base 11, what is -8828 - -4a?
-8789
In base 14, what is 5ac60 + 4?
5ac64
In base 12, what is 36b867 + 3?
36b86a
In base 11, what is 7840 - -171?
7a01
In base 8, what is -74 + -70200?
-70274
In base 14, what is 1740 - 43?
16db
In base 11, what is 864306 + -4?
864302
In base 8, what is 4677410 - -5?
4677415
In base 14, what is -2 + 5b75?
5b73
In base 3, what is 22 - -11010100112?
11010100211
In base 9, what is 3 + -4777?
-4774
In base 6, what is -1053254 + -2?
-1053300
In base 5, what is -2321 + 231033?
223212
In base 8, what is -730674 + 7?
-730665
In base 3, what is -2012110 - -1?
-2012102
In base 12, what is -64081 - -4?
-64079
In base 9, what is 5 - 573853?
-573847
In base 9, what is 2 + 207148?
207151
In base 7, what is -550 + -3333?
-4213
In base 15, what is -c1a1 + -35?
-c1d6
In base 15, what is 11 + -26d9?
-26c8
In base 10, what is 10 - -279?
289
In base 16, what is -95b8 + 0?
-95b8
In base 9, what is 435 + -1211?
-665
In base 6, what is 114 + -532041?
-531523
In base 8, what is -105 - -44?
-41
In base 4, what is -1003001123 + 2?
-1003001121
In base 11, what is -67 + -4732?
-4799
In base 11, what is -157a - -788?
-8a2
In base 8, what is -4574 - -53?
-4521
In base 12, what is -11b49a + 12?
-11b488
In base 11, what is -2a3 - 370?
-663
In base 6, what is -40 - -31012?
30532
In base 16, what is 24a + 2d9?
523
In base 15, what is 5 - 15361?
-1535b
In base 9, what is 3201 - 35?
3155
In base 7, what is 126004 - 4?
126000
In base 15, what is -4 - -b77ae?
b77aa
In base 8, what is 325236 + -3?
325233
In base 12, what is 9 + -12b0?
-12a3
In base 12, what is -2 + -61286?
-61288
In base 8, what is -200 - 1505?
-1705
In base 9, what is 1262 - -38?
1311
In base 3, what is 1220 + 101000010?
101002000
In base 7, what is 203014 + -23?
202661
In base 10, what is 221486 + -15?
221471
In base 10, what is -12339 + -4?
-12343
In base 12, what is 1bb - 1404?
-1205
In base 8, what is 1244260 - 0?
1244260
In base 5, what is 323213302 + 1?
323213303
In base 5, what is -10 - -131131?
131121
In base 4, what is -223022032 - 1?
-223022033
In base 12, what is 1b + -754?
-735
In base 16, what is -ce2 + -21?
-d03
In base 3, what is -10 + -122212111?
-122212121
In base 2, what is -101001111001000100000 + -101?
-101001111001000100101
In base 15, what is -2 + 21abe8?
21abe6
In base 2, what is -10000100000011100010 + -1?
-10000100000011100011
In base 5, what is -14 + 133434?
133420
In base 7, what is 0 - 3231?
-3231
In base 6, what is -4550 - 13554?
-22544
In base 15, what is 8 + -387?
-37e
In base 9, what is 5 + 150825?
150831
In base 15, what is -e155d - -4?
-e1559
In base 6, what is -1145 - -1421?
232
In base 3, what is 1 + 20211012112?
20211012120
In base 9, what is 2178 + -1732?
346
In base 16, what is 26 - -353a?
3560
In base 7, what is -212 - 6232?
-6444
In base 11, what is -6 + a6800?
a67a5
In base 15, what is 40b - a?
401
In base 10, what is 58978 - -16?
58994
In base 9, what is -14877 - 257?
-15245
In base 4, what is 1032000112 - -3?
1032000121
In base 2, what is 1 - -111000110110010?
111000110110011
In base 15, what is 2a5 - -6?
2ab
In base 6, what is -550 + -1530?
-2520
In base 8, what is -23 + 4514?
4471
In base 6, what is 2 - -1100?
1102
In base 12, what is 2 - 2214a?
-22148
In base 3, what is -1210200 + -1221?
-1212121
In base 11, what is 2616 - -36?
2651
In base 3, what is 21 + 22102202110?
22102202201
In base 14, what is ba8 + -2d?
b79
In base 6, what is -401 - 343?
-1144
In base 3, what is -10 - -111202012?
111202002
In base 4, what is 233 + 113031?
113330
In base 4, what is -1130 + -33012?
-100202
In base 6, what is 2330 - 11?
2315
In base 13, what is 3c0 + 481?
871
In base 16, what is -71fda - -2?
-71fd8
In base 6, what is 2355 + 1014?
3413
In base 15, what is -d19e + 2?
-d19c
In base 2, what is 100001 + -1110000001111011?
-1110000001011010
In base 7, what is -6335 - 45?
-6413
In base 2, what is 111101011 + -101101?
110111110
In base 8, what is 1 + 1065203?
1065204
In base 13, what is 6 + -28813?
-2880a
In base 5, what is 3 + -210030320?
-210030312
In base 13, what is -5 - 3385?
-338a
In base 5, what is -300 - 1102?
-1402
In base 3, what is 12002 - 102010110?
-101221101
In base 11, what is 1585 + 27?
1601
In base 11, what is -2 - 16347?
-16349
In base 4, what is 313200003 + 1?
313200010
In base 13, what is -13 + 8408?
83c5
In base 5, what is 12332204 - -3?
12332212
In base 2, what is -10100100001000 + -1001001011?
-10101101010011
In base 4, what is -1123130320 + 3?
-1123130311
In base 10, what is -1 - -608196?
608195
In base 8, what is -27 + -3335?
-3364
In base 13, what is 287 + 1c?
2a6
In base 2, what is -111100 - -11101110?
10110010
In base 3, what is 111021122222 + -10?
111021122212
In base 13, what is -4 - 5436?
-543a
In base 6, what is 402013 - -13?
402030
In base 11, what is -40 - -21aa0?
21a60
In base 7, what is 3216361 - 1?
3216360
In base 2, what is -1101 + -110100101011101?
-110100101101010
In base 11, what is 3 + -35?
-32
In base 8, what is -15 - 1203603?
-1203620
In base 10, what is 130316 - 3?
130313
In base 15, what is 0 - 4e88?
-4e88
In base 11, what is 512 - 138?
385
In base 15, what is c326 + 19?
c340
In base 6, what is -432 + 125?
-303
In base 10, what is 623 + 1?
624
In base 5, what is 0 + 1023440?
1023440
In base 6, what is -11 - -25145?
25134
In base 10, what is 53341 + 0?
53341
In base 9, what is -27731 + -12?
-27743
In base 8, what is -50210 - -21?
-50167
In base 3, what is 120 - -21011012?
21011202
In base 10, what is 33446 + -24?
33422
In base 9, what is -433764 - -12?
-433752
In base 3, what is -11 + 10112010?
10111222
In base 4, what is -3123 - -30101?
20312
In base 13, what is -11749 + -2?
-1174b
In base 10, what is -2 + 6600?
6598
In base 7, what is 461 + 201?
662
In base 5, what is -20322011 - 2?
-20322013
In base 11, what is -5 - -372a7?
372a2
In base 7, what is 10152 - -60?
10242
In base 2, what is -100100111001010101 + 100?
-100100111001010001
In base 12, what is -3 - -21481?
2147a
In base 5, what is 13210 + -2204?
11001
In base 13, what is 58 + 272b?
2786
In base 13, what is -7 + -5a73?
-5a7a
In base 7, what is -5 - -3626444?
3626436
In base 8, what is 22710 + 63?
22773
In base 4, what is -20332 - -322?
-20010
In base 10, what is 1574 + 2?
1576
In base 10, what is -481692 + -2?
-481694
In base 12, what is -345 - 28?
-371
In base 7, what is 32044466 - -1?
32044500
In base 12